f n**4/6 + n**3/3 - 12*n**2 - n. List the prime factors of k(-5).
2
Let y = 557 + -33. List the prime factors of y.
2, 131
Let k = 1579 - 795. Suppose k = -3*p + 11*p. What are the prime factors of p?
2, 7
List the prime factors of 587 + -3*(-14)/(-7).
7, 83
What are the prime factors of (-80)/30*(-4314)/8?
2, 719
Suppose 7*r = 43 - 120. Let a(v) = 2*v**2 + 6*v + 1. What are the prime factors of a(r)?
3, 59
Suppose 0 = -g + 1220 - 116. What are the prime factors of g?
2, 3, 23
Suppose 5231 = -f + 4*f - s, -3*s = 6. List the prime factors of f.
3, 7, 83
Suppose 2*z + 5*w = 1, -1 = 2*z + z + 5*w. What are the prime factors of z*(-2)/6*3?
2
Let i(d) = -90*d - 151. List the prime factors of i(-13).
1019
Suppose -j + 3*j = -5*n - 24, -3*n - 8 = -2*j. What are the prime factors of -54*(0 + (-3 - j))?
2, 3
Let u be -1 - (-1 + 0/1). Suppose -4*z = -u*z - 224. Suppose 0 = 4*n - 0*n - z. List the prime factors of n.
2, 7
Let l(s) = 123*s. Let f be l(-1). What are the prime factors of 5/((-20)/f) - (-6)/24?
31
Let t = -293 + 627. What are the prime factors of t?
2, 167
List the prime factors of (-1 + -19)*(-328)/205.
2
Suppose 5*q + 1089 = 2*f - 84, -3*f + 5*q = -1762. What are the prime factors of f?
19, 31
Let r = -8 + 26. Let x(d) = -d**3 - 7*d**2 - 9*d - 8. Let g be x(-6). Let s = r - g. What are the prime factors of s?
2
Suppose q - 11 = -2*j - 4, 2*q + 11 = j. What are the prime factors of -7 - 845/(-10) - q/2?
79
Let y(o) = 6*o**2 - 13*o - 12. List the prime factors of y(-5).
7, 29
Let c(g) be the second derivative of g**4/12 + 11*g**3/6 + 9*g**2 - 5*g. Let r be c(-9). What are the prime factors of 94*(2/4 + r)?
47
Let b be (-3)/(27/(-6))*126. Let s = b - 198. What are the prime factors of -3 + 1/((-2)/s)?
2, 3
Suppose -5 = -4*y + 2*f + 37, -5*y + 2*f + 50 = 0. Suppose i = 15 + y. What are the prime factors of i?
23
Let k = 113 - -12. Suppose 5*p + k = 3*f - 60, -2*f + 126 = -4*p. List the prime factors of f.
5, 11
Let b = -549 + 920. What are the prime factors of b?
7, 53
Let d = -1 - -1. Let n = d - -2. Suppose 35 = n*x - 33. List the prime factors of x.
2, 17
Suppose -4*d = -8*d + 372. Suppose d + 68 = 7*v. What are the prime factors of v?
23
Suppose 4*u + 14 - 42 = -4*a, 5*u - 15 = -a. Suppose 0 = -2*l - 5*i + 45, a = 2*i + 3. List the prime factors of l.
2, 5
Suppose 4*x = 8 - 0. Suppose 2*i + 170 = -x*f + 498, 0 = 4*i - 4*f - 648. Suppose 161 = 5*g - 2*c, 0 = 5*g - 3*c + 2*c - i. List the prime factors of g.
3, 11
Suppose 834 = 6*w - 5*w. List the prime factors of w.
2, 3, 139
Let c(l) = l**2 + 13*l + 34. Let q be c(-10). Suppose -2*s + q*h = -251 + 69, 4*h + 279 = 3*s. List the prime factors of s.
97
Let x be 32/(-144) - (-7)/(-9). Let u = 0 + -2. List the prime factors of (-26)/u + (x - 1).
11
Suppose 2*c - o = 394, 4*c - 4*o = 308 + 484. Suppose -4*q + 2*y + 74 + c = 0, y = 5*q - 336. What are the prime factors of q/4 - 5/(-20)?
17
Suppose 0 = 5*u - 41 - 94. Suppose 4*j + 22 = 2*r, -j = -5*r - 5*j + u. Let t = r + -1. What are the prime factors of t?
2, 3
Let c = -1821 + 4945. What are the prime factors of c?
2, 11, 71
Suppose x + 12 = 7*x. List the prime factors of 116/x + (-10)/5.
2, 7
Let n(o) = -8*o + 7. Let p be n(5). Let r = p - -37. Suppose 5*w + 10 = 0, -a + r*w = a - 164. What are the prime factors of a?
2, 3, 13
Let z = 262 + 10. List the prime factors of (-3)/2*z/(-8).
3, 17
Suppose 3*h + h = 12. Let z be -1*(-2 + 0 + h). List the prime factors of (3 - 7)/z + 34.
2, 19
Suppose -274 + 4142 = 4*r - 2*w, -5*w + 1946 = 2*r. What are the prime factors of r?
2, 11
Let i = 16 + -14. Suppose p + i*p + 18 = 0. List the prime factors of 330/18 + 2/p.
2, 3
Let h(l) be the first derivative of 3*l**2 + 40*l + 29. What are the prime factors of h(13)?
2, 59
Let w = -23 + 26. Suppose w*z - 2*z - 14 = 0. What are the prime factors of z?
2, 7
Let u = 26 + -15. Let x(b) = b**2 - 15*b - 7. Let t(z) = -2*z**2 + 29*z + 15. Let p(g) = u*x(g) + 6*t(g). List the prime factors of p(9).
13
Suppose -33*i = -34*i + 16. Let r(g) = -g**2 + 21*g + 19. List the prime factors of r(i).
3, 11
Let u be (-91)/(-5) + 3/(-15). Suppose 223 = 5*a + u. What are the prime factors of a?
41
Let y = 163 + -109. What are the prime factors of y?
2, 3
Suppose -13*q = -14*q - 5. List the prime factors of (q - -3)/((-2)/81).
3
Let b(p) be the first derivative of -31*p**2 - p + 2. Let c be b(1). Let l = -34 - c. List the prime factors of l.
29
Let v(a) = a**2 + 2*a - 3. Let k be v(-3). Suppose k*f - 116 = -2*f. What are the prime factors of f?
2, 29
List the prime factors of (-51525)/(-81) + 2/(-18).
2, 3, 53
What are the prime factors of (13 + 2)*(136/6 + 8)?
2, 5, 23
Let z(g) = 3*g + 7. Let l be ((-5)/2)/((-1)/2). What are the prime factors of z(l)?
2, 11
Suppose 2*b - 19 = -4*a - 1, 5*a + 5*b = 15. Suppose -a*i + 162 = -2*i - 2*o, -5*i + 195 = -o. List the prime factors of i.
2, 19
Suppose -124*p + 11714 = 2*m - 120*p, -2*m = -2*p - 11696. List the prime factors of m.
5851
Let j be 3/(-18) + 5/(-6). What are the prime factors of (37 - j)*2/4?
19
Suppose 0 = 4*g - 22 + 2. Let o(u) = 4 - 2 - 1 - g + 6*u. List the prime factors of o(3).
2, 7
Let p = 12 + -11. Let i be 1 - (-6)/3*p. Suppose 4 = z - i. What are the prime factors of z?
7
Let m(w) be the second derivative of 19*w**3/6 + w**2/2 - w. Let i be m(-3). Let c = 80 + i. What are the prime factors of c?
2, 3
Suppose -27*u + 85 = -22*u. What are the prime factors of u?
17
Suppose 0 = -48*i + 45*i - 339. List the prime factors of (0 + -2)/(1/i).
2, 113
Let p be 2/((-4)/(52/1)). Let s = 53 + p. Let d = 47 - s. What are the prime factors of d?
2, 5
Let p be (-13)/(-2) - (-9)/(-6). Suppose 4*b - 177 = -p*s, -2*s + 0*b - b = -72. What are the prime factors of s?
37
Let u = 268 - 160. Suppose -3*i + 1 - 7 = 3*o, 4*i - 3*o - 27 = 0. Suppose -2*n = 5*x - 161 - 35, i*x - 2*n = u. What are the prime factors of x?
2, 19
Suppose 167*g = 157*g + 63150. List the prime factors of g.
3, 5, 421
Suppose -r - 3*j = -j - 52, r - 4*j = 52. Let n be 2/8 - 13/r. Suppose 5*p - 5*q = 90, n*p + 74 = 5*p - q. What are the prime factors of p?
2, 7
Let h = 4118 - 2205. What are the prime factors of h?
1913
Suppose 4 = 3*p - 5. Suppose 26 = p*l - l. What are the prime factors of l?
13
Let h = 106 - -445. What are the prime factors of h?
19, 29
List the prime factors of 7/(210/(-408))*-150 + -5.
5, 11, 37
Let b(q) = 5*q + 18*q + 14*q + 2. List the prime factors of b(1).
3, 13
Suppose 2*w - 11282 = -4*s, -s + w + 80 = -2736. What are the prime factors of s?
2819
Let s(d) = -4*d - 1. Let o be s(3). Suppose -5*q = -r + 4*r - 92, 5*q = -5*r + 140. Let t = r + o. List the prime factors of t.
11
Suppose 5*j - 6*j = -16. Suppose j = -18*s + 14*s. What are the prime factors of ((-25)/2)/(s/8)?
5
Suppose 2*r - 5*r - 2*p = -3484, -3*r + 5*p + 3512 = 0. Let g = -1872 + r. List the prime factors of 2/(-10) + g/(-15).
47
Let u be 450/2 - (2 + -1). Suppose 4*h = y - 84, 4*h - 60 - u = -3*y. Suppose -4*r - 5*s = -y, -s = -2*r - 0*s + 46. What are the prime factors of r?
23
Suppose 0 = 5*b - 0 - 20. Suppose 0 = b*f + 5*f - 378. List the prime factors of f.
2, 3, 7
Let a = 141 + -138. Suppose -10*i - a*i = -468. What are the prime factors of i?
2, 3
Suppose -2*n = n - 5*u - 11, 2*n - 3*u = 7. Suppose m - 16 = -m - n*j, 4*m - 20 = -j. Suppose 4*x = -i + 15 + 31, m*i = x + 116. List the prime factors of i.
2, 3, 5
Let q be -1*1*(-7 + 4). Suppose q*k + 3*c = 180 + 54, 0 = k - 4*c - 78. Suppose 0 = -5*v + 263 - k. What are the prime factors of v?
37
Let n = -26 + 31. Suppose -5*b + b + 12 = -n*s, 3*s + 3*b = 9. Suppose 8*m - 3*m - 2*d - 192 = 0, -4*d - 4 = s. What are the prime factors of m?
2, 19
Suppose -3072 = -2*l + 2*o - 640, 3*o - 1212 = -l. List the prime factors of l.
3, 5
Suppose 0*c - 10*c + 2400 = 0. List the prime factors of c.
2, 3, 5
Suppose 2*f + 44 - 4 = 0. Let c = -18 - f. Let q = c + 15. List the prime factors of q.
17
Suppose 5*p - 4*p + 4*a = -28, 3*a + 15 = 0. Let r = p + 10. What are the prime factors of (-1)/((-2)/(r - -72))?
37
Suppose 5*t + 4*m - 48 = 0, -2*t - m = -25 + 7. Suppose w = t*i - 3*i - 342, -5*i = 4*w - 332. List the prime factors of i.
2, 17
Suppose 2*r + 12 = -2*r - 5*g, 4*r + 4*g + 8 = 0. Let s = 333 + -325. Let v = r + s. What are 